5 = k*m. Is m a prime number?
False
Let g(l) = -37*l**2 - 18*l + 140. Let z be g(-24). Let v = 49383 + z. Is v composite?
False
Let p be 17648/(-3) - (-116)/(-87). Let m = p + 19743. Is m a prime number?
True
Is (-2 - 473916/24)*-2 a prime number?
False
Suppose 56 = 5*i - 3*f, -2*i = -7*f + 2*f - 30. Suppose -i*h = 657 - 11667. Is h composite?
True
Let m = -45433 - -76537. Suppose -8*p + m = p. Is -2 - (p/(-1) + 1) a composite number?
True
Suppose 2*z - 4 = -q, z = -4 + 5. Suppose -2*c = 2*c + 2*y - 18, -7 = -c + q*y. Suppose 577 = 6*m - c*m + 2*j, 0 = m - 3*j - 592. Is m prime?
False
Let m(v) = -40*v**2 + 29*v + 11. Let j be m(-7). Let p = j - -7123. Is p a composite number?
True
Let r = 2272 + -3309. Let j = 1908 + r. Is j a composite number?
True
Let w(n) = -25*n**2 + 7*n + 8. Let l(g) = -g. Let q(y) = -5*l(y) - w(y). Let x be -1*5 + 22/11. Is q(x) a composite number?
False
Suppose 26*v - 17*v = 999. Suppose -398*y + v = -395*y. Is y composite?
False
Let t(u) be the third derivative of -11*u**6/40 - 13*u**5/60 - 7*u**4/8 - 5*u**3/2 + 123*u**2. Is t(-10) a prime number?
False
Is 354/(-1062)*(-1 - 1446566) a composite number?
False
Let z be (-2)/4 - 11/2. Let j(d) = -d**3 - 7*d**2 - 10*d - 15. Let g be j(z). Suppose 2*a + 19453 = g*a. Is a a prime number?
False
Let y(n) = n**2 + 9*n - 21. Let z be y(-10). Let r(m) = 3*m**2 - 29*m - 35. Is r(z) prime?
True
Let v(r) = -77*r + 7. Let i be v(6). Let o be -8 + 18*(-7 + (-163)/(-3)). Let k = o + i. Is k composite?
False
Let f be (-1 - 316/(-3))/((-1)/(-12)). Let c = f + -815. Suppose 2*r - c = 1001. Is r a composite number?
False
Let j(m) = -m**3 - 21*m**2 - 24*m - 49. Let i be j(-20). Let n = i - -3598. Is n prime?
False
Suppose -28*d - 41 - 15 = 0. Is 2573/(d/(-6 - -4)) a composite number?
True
Let m = 7600 - 4074. Let s = m - -2393. Is s a prime number?
False
Let j(c) = 1331*c**2 - 109*c + 115. Let a(d) = 887*d**2 - 73*d + 75. Let s(i) = 8*a(i) - 5*j(i). Is s(9) prime?
False
Let c be (-30)/(2*12/(-32))*718. Suppose -n + 131380 - c = 0. Is (-2)/7 - (n/(-35))/4 a prime number?
True
Suppose 0 = 2*a - 3 - 3. Let u(d) = 6 - 4*d + 56*d**3 - 2 + 3 + 6*d**2 - d**a. Is u(4) a prime number?
True
Suppose 1467*b - 1466*b = -5*f + 5284563, -4*b - 1056879 = -f. Is f a composite number?
False
Is (589629 + -11)*38/76 prime?
True
Let f = 220 + -222. Let v(a) = -1897*a - 7. Is v(f) prime?
False
Let u(w) = -31*w**3 - 3*w + 4. Let v be u(-3). Let c = -552 + v. Suppose -5*l + c = -s, -l + 133 = l - 5*s. Is l a prime number?
True
Is 4629/9*3*(59 - 36) composite?
True
Suppose -c - 4*c - 68575 = -5*s, 0 = -c - 3*s - 13727. Let h = 29335 + c. Suppose 2*r = -5*r + h. Is r composite?
True
Suppose 2*w + 5*m = 12676, -3*w + 4*m - 1001 = -20084. Is w composite?
False
Let f be ((9/(-15))/3)/(15/(-150)). Suppose 0 = f*z - 2*b - 11344, 0*b = b + 1. Is z prime?
False
Let r(g) = 104*g**2 - 100*g - 953. Is r(53) prime?
False
Suppose -5*g = -g - 52448. Suppose -4*h = 1116 - g. Is h a prime number?
True
Suppose -t - 5*c + 6 = 0, -t + 2*t + 3*c = 0. Let b = 7 + t. Is b*2/(-4)*209 prime?
False
Let i be (2 - 2)*3/(-18). Suppose 2*w + 5*y - 1811 = 0, 4*w - y - 3655 = -i*y. Is w a composite number?
True
Let u be 9 + (-195)/(-9) - (-2)/(-3). Suppose u*v = 24*v + 34422. Is v prime?
True
Let z(r) be the first derivative of 8*r**5/15 + 5*r**4/24 + 31*r**3/6 + 29*r**2/2 + 34. Let s(x) be the second derivative of z(x). Is s(8) prime?
False
Let b be 1/(57/15 + -4). Let o be ((-3)/(-9))/(b/(-60)). Suppose 56 = -0*k + o*k. Is k prime?
False
Is (-16)/(-3)*(171 + 439374) + 2/2 a composite number?
False
Let x(t) = 9776*t**2 + 24*t - 37. Is x(-5) a prime number?
True
Let m = -45244 + 126005. Is m a composite number?
False
Let g(o) = -o**3 + 33*o**2 + 28*o - 36. Let w be g(33). Let f = w + 359. Is f a composite number?
True
Suppose -3*g = -15, 2*g - 7*g + 34 = 3*z. Suppose 6 = z*l, l = 4*p - p - 76141. Is p composite?
True
Let c(r) = 143*r**3 + 21*r**2 + 25*r - 191. Is c(12) a composite number?
True
Let d(t) = 58*t - 67. Let j(f) = 16*f - 27. Let y be j(2). Is d(y) prime?
True
Suppose 14*g - 143532 = 2*g. Suppose -22*i + g = 5*i. Is i a composite number?
False
Let j(m) = 415*m + 42. Let k be j(8). Suppose -4*s - 3350 = -f + s, -k = -f - s. Let x = f - 1967. Is x composite?
True
Let g = -38 - -50. Suppose 3*d + 3 = g, -3*t + 9543 = -5*d. Suppose -5*s + 2660 + 2639 = 2*p, 0 = 3*s - p - t. Is s composite?
False
Let s = -29 + 32. Let u(b) = 6 + 8*b - 18 + 2*b**s - b - b**2 - 4*b**3. Is u(-5) a composite number?
True
Let d(g) = 24*g**2 + 71*g - 103. Is d(16) a prime number?
True
Suppose 716 = -8*i + 10*i - p, -2*p + 8 = 0. Suppose 2*t - i = 950. Is t composite?
True
Is 9/((-72)/(-550184)) + -14 composite?
True
Suppose -4*h + h - 3 = 0. Let s(w) = -368*w - 1035. Let p(l) = 3*l + 9. Let z(q) = 230*p(q) + 2*s(q). Is z(h) prime?
False
Suppose 4*c - 13 = k, 3 = 2*c - 5*c + 5*k. Suppose h = 0, 0*g - 2*g - 10 = c*h. Is 8812*5/(-50)*g prime?
False
Suppose 29 = 2*g - 5*m, -2*g + 4*m + 24 = -0*m. Suppose -2*n = -5*r - 19574, 0*r = 2*n + g*r - 19588. Is n + (-16)/12*3 + 5 a prime number?
False
Suppose 34*l - 60*l = -483340. Is l + -1 + 0 - (-65 - -61) prime?
True
Let a(w) = 2*w**3 + 34*w**2 + 10*w - 25. Let z be a(-17). Let s = z + 766. Is s a prime number?
True
Is 216764397/1130 + 3/30 composite?
False
Suppose 0 = -69*z + 14460206 - 3205685. Is z prime?
True
Let f(s) = -199*s - 26. Let x be f(-8). Let p = x + -811. Is p composite?
True
Let f = 1127801 - 597814. Is f composite?
False
Let b = 85 - 83. Suppose -2*a = b*a, 2*r - 114 = -2*a. Is (-5507)/3*r/(-19) a prime number?
True
Let x(f) = -28*f**3 - 4*f**2 - 51*f + 232. Is x(-19) composite?
True
Let h(t) = t**3 + 20*t**2 - 19*t + 15. Let u be h(-21). Let c be ((-24)/(-54))/((-6)/u). Suppose 2*f = -f - 3*a + 486, -5*f + c*a + 838 = 0. Is f prime?
False
Let s(o) = 4*o - 4. Let z be s(-2). Let w(x) = -11 + 285*x - 355*x - 27. Is w(z) a prime number?
False
Let l = -9421 + 6567. Let a = l - -6513. Is a a prime number?
True
Suppose 2*p + 6 - 82 = 0. Let j = 63 - 18. Let b = j - p. Is b prime?
True
Let p = -1196494 - -2118687. Is p a prime number?
False
Let y(g) = -g**3 + 20*g**2 + 24*g - 5. Let o be y(-8). Suppose o = 3*c - c + a, -5*c - 5*a = -3990. Is c composite?
False
Let v = -67 - -44. Suppose 5*m - 5 = 4*m. Is 22*v/m*(-35)/14 a prime number?
False
Let f be 1812*10/(-8)*-1. Suppose -2*a + f = -1853. Is a a prime number?
False
Suppose -91366 - 261931 = -38*t + 58281. Is t a composite number?
False
Suppose 192279 = 3*y - 4*x, 351*y + 64103 = 352*y + 2*x. Is y a prime number?
False
Let f(k) = 45*k**2 - 18*k - 145. Is f(28) prime?
True
Suppose -2*s = -5 - 61. Is -4 - (-2527 + 1)*11/s composite?
True
Suppose -5*w - u + 27 = 0, -w + 3*u - 2 = -1. Suppose 3*g - 5261 = -w*b, -4*b - 422 = -2*g + 3100. Is g prime?
False
Let w = 34 - -99. Let p = 1528 + w. Is -2 - (0 - (p - 2)) prime?
True
Suppose -5*d - 2*q + 3366846 = 0, 4*q + 931070 = 2*d - 415630. Is d a composite number?
True
Suppose 42*c - 310 = 47*c. Let m = c + 973. Is m a prime number?
True
Suppose -25*q = -9*q + 320. Is 4*(1 + (-21725)/q) a composite number?
False
Let g(s) = -50089*s - 332. Is g(-1) composite?
False
Let k = -605110 - -891353. Is k a composite number?
False
Let f = -47062 + 97535. Is f a prime number?
False
Suppose 29*n - 12*n = 1189371. Is n a prime number?
False
Suppose 16*x - 74957 = 33507. Is x a prime number?
True
Let t(r) = -r**3 - 12*r**2 - 12*r - 15. Let z be t(-9). Let x = 15 - z. Let p = 280 + x. Is p prime?
False
Is 245750/375*-3*(-2)/4 prime?
True
Suppose -20159 = -4*k + h, 0 = k - 13*h + 18*h - 5024. Is k composite?
False
Let r = -2268 + 119429. Is r prime?
False
Let r be 3*2/(-8 + 6). Is 7204*8/(-6)*r/16 prime?
True
Suppose -5*o - 30 = 3*u - 10*o, -51 = 3*u + 2*o. Let l be (u/(-5))/(1/2). Suppose -4*z + 3*z - 4*y = -745, 3*y = l. Is z a composite number?
True
Suppose 134*r = 76*r + 2915138. Is r a composite number?
False
Suppose 296*y + 909702 = 314*y. Is y composite?
False
Let t = -11014 + 17924. Is -3*t/105*-7 composite?
True
Suppose 880 + 203204 = z - 5*j, 3*j = 3*z - 612336. Is z prime?
False
Let u = 6686 - 2842. Let b = -58 + u. Suppose 3*m - 9*m = -b. Is m a composite number?
False
Let p(s) = 20*s**2 - 15*s**3 - 21*s - 25*s**2 